{"id":33,"date":"2016-05-09T06:18:57","date_gmt":"2016-05-09T06:18:57","guid":{"rendered":"https:\/\/ferienwohnung-infanglalm.at\/?page_id=33"},"modified":"2016-05-09T06:18:57","modified_gmt":"2016-05-09T06:18:57","slug":"impressum","status":"publish","type":"page","link":"https:\/\/www.ferienwohnung-infanglalm.at\/?page_id=33","title":{"rendered":"Impressum"},"content":{"rendered":"<p>Ferienwohnung Infanglalm<\/p>\n<p>Kalvarienberg\u00a0 22<br \/>\nA-4814 Neukirchen, Austria<\/p>\n<p>Copyright by Familie Mittendorfer, 4814 Neukirchen, Kapellenweg 22<\/p>\n<p>Inhalt und Struktur dieser Website sind urheberrechtlich gesch\u00fctzt. Bez\u00fcglich jeglicher geistigen Eigentumsrechte wird keiner Person eine Lizenz oder ein sonstiges Recht einger\u00e4umt. Die Vervielf\u00e4ltigung von Informationen oder Daten, insbesondere die Verwendung von Texten bzw. Textteilen ist nur f\u00fcr den pers\u00f6nlichen und informativen Gebrauch gestattet. Jede Vervielf\u00e4ltigung sowie jeder Gebrauch von Informationen oder Daten ist ausdr\u00fccklich untersagt und ist nur mit unserer vorherigen Zustimmung zul\u00e4ssig. Die Erstellung und Verwendung von Kopien der kompletten Internet-Pr\u00e4sentation in elektronischer oder ausgedruckter Form sind erlaubt, wenn der Inhalt (einschlie\u00dflich der Angaben zu Autoren und Copyright) unver\u00e4ndert bleibt.<\/p>\n<p>Die Informationen werden von familie Mittendorfer bereit gestellt. Die im vorliegenden Beitrag enthaltenen Texte und Abbildungen sind sehr sorgf\u00e4ltig zusammengestellt; die darin enthaltenen Angaben dienen dennoch lediglich der unverbindlichen Information und basieren auf dem Wissensstand der mit der Erstellung dieser Informationen betrauten Mitglieder zum jeweiligen Zeitpunkt der Ver\u00f6ffentlichung. Die ver\u00f6ffentlichten Daten werden einer laufenden Aktualisierung unterzogen, ohne Gew\u00e4hr f\u00fcr taggleiche Aktualit\u00e4t geben zu k\u00f6nnen (auch ohne Gew\u00e4hr eventuelle Eingabefehler). familie Mittendorfer beh\u00e4lt sich das Recht auf \u00c4nderungen oder Erg\u00e4nzungen der bereit gestellten Informationen vor.<\/p>\n<p>Familie Mittendorfer \u00fcbernimmt keinerlei Haftung f\u00fcr unrichtige wie fehlende Informationen auf der Website. Alle Entscheidungen, die auf der Website der Ferienwohnung Infanglalm bereit gestellten Informationen beruhen, liegen einzig und alleine im Verantwortungsbereich des Benutzers. Ebenso lehnt Familie Mittendorfer jegliche Haftung im Zusammenhang mit den zur Verf\u00fcgung gestellten Beitr\u00e4gen sowie jegliche Haftung f\u00fcr unmittelbare, konkrete oder Folgesch\u00e4den, oder sonstige Sch\u00e4den jeglicher Art, die im Zusammenhang mit dem indirekten oder direkten Gebrauch der auf der Website der Ferienwohnung Infanglalm bereit gestellten Informationen entstanden sind, ab. Gleiches gilt auch f\u00fcr alle anderen Websites, auf die mittels Hyperlink verwiesen wird. Familie Mittendorfer ist f\u00fcr den Inhalt der Websites, die auf Grund einer solchen Verbindung erreicht werden, nicht verantwortlich.<\/p>\n<p>Dieser Beitrag unterliegt ausschlie\u00dflich \u00f6sterreichischem Recht. Anspr\u00fcche, die sich auf die Nichteinhaltung von gesetzlichen Bestimmungen in Drittstaaten st\u00fctzen, sind ausgeschlossen.<\/p>\n<p>Konzept und Gestaltung : Familie Mittendorfer, Ferienwohnung Infanglalm Neukirchen<\/p>\n","protected":false},"excerpt":{"rendered":"<p>Ferienwohnung Infanglalm Kalvarienberg\u00a0 22 A-4814 Neukirchen, Austria Copyright by Familie Mittendorfer, 4814 Neukirchen, Kapellenweg 22 Inhalt und Struktur dieser Website sind urheberrechtlich gesch\u00fctzt. Bez\u00fcglich jeglicher geistigen Eigentumsrechte wird keiner Person eine Lizenz oder ein sonstiges Recht einger\u00e4umt. Die Vervielf\u00e4ltigung von Informationen oder Daten, insbesondere die Verwendung von Texten bzw. Textteilen ist nur f\u00fcr den pers\u00f6nlichen &hellip; <a href=\"https:\/\/www.ferienwohnung-infanglalm.at\/?page_id=33\" class=\"more-link\"><span class=\"screen-reader-text\">Impressum<\/span> weiterlesen <span class=\"meta-nav\">&rarr;<\/span><\/a><\/p>\n","protected":false},"author":3,"featured_media":0,"parent":0,"menu_order":0,"comment_status":"closed","ping_status":"closed","template":"","meta":{"footnotes":""},"class_list":["post-33","page","type-page","status-publish","hentry"],"_links":{"self":[{"href":"https:\/\/www.ferienwohnung-infanglalm.at\/index.php?rest_route=\/wp\/v2\/pages\/33","targetHints":{"allow":["GET"]}}],"collection":[{"href":"https:\/\/www.ferienwohnung-infanglalm.at\/index.php?rest_route=\/wp\/v2\/pages"}],"about":[{"href":"https:\/\/www.ferienwohnung-infanglalm.at\/index.php?rest_route=\/wp\/v2\/types\/page"}],"author":[{"embeddable":true,"href":"https:\/\/www.ferienwohnung-infanglalm.at\/index.php?rest_route=\/wp\/v2\/users\/3"}],"replies":[{"embeddable":true,"href":"https:\/\/www.ferienwohnung-infanglalm.at\/index.php?rest_route=%2Fwp%2Fv2%2Fcomments&post=33"}],"version-history":[{"count":1,"href":"https:\/\/www.ferienwohnung-infanglalm.at\/index.php?rest_route=\/wp\/v2\/pages\/33\/revisions"}],"predecessor-version":[{"id":34,"href":"https:\/\/www.ferienwohnung-infanglalm.at\/index.php?rest_route=\/wp\/v2\/pages\/33\/revisions\/34"}],"wp:attachment":[{"href":"https:\/\/www.ferienwohnung-infanglalm.at\/index.php?rest_route=%2Fwp%2Fv2%2Fmedia&parent=33"}],"curies":[{"name":"wp","href":"https:\/\/api.w.org\/{rel}","templated":true}]}}